0
In base 14, what is -9 + 21d49?
21d40
In base 2, what is -10000000111101101 - 10?
-10000000111101111
In base 4, what is 133 + -210?
-11
In base 14, what is -3 - -553c?
5539
In base 3, what is -1121210222201 + 12?
-1121210222112
In base 14, what is -4dadb + 2?
-4dad9
In base 13, what is -15157 + -3?
-1515a
In base 13, what is 4 + -428?
-424
In base 4, what is 1233 + -1000221?
-332322
In base 5, what is -10 + 41243011?
41243001
In base 11, what is -57 + -18a8?
-1954
In base 13, what is -11a - 63?
-180
In base 12, what is -144870 - -1?
-14486b
In base 9, what is 5 + -116841?
-116835
In base 5, what is 222114 + -214?
221400
In base 10, what is 57465 + -19?
57446
In base 9, what is -7277 - 33?
-7321
In base 2, what is 10 - -100101001101101000?
100101001101101010
In base 15, what is 1c + -118?
-eb
In base 9, what is -7855 - 256?
-8222
In base 13, what is -1 - 37a3?
-37a4
In base 4, what is -1321311 - -3102?
-1312203
In base 5, what is 1 - 10004400?
-10004344
In base 6, what is -1223 - -213?
-1010
In base 3, what is 21022 - 20011?
1011
In base 13, what is -602997 + -2?
-602999
In base 5, what is -1420440 - 13?
-1421003
In base 6, what is -10340100 + 0?
-10340100
In base 5, what is 14 - 2122010?
-2121441
In base 12, what is 3 - b864?
-b861
In base 6, what is 3225 - -25?
3254
In base 12, what is -18613 - 7?
-1861a
In base 10, what is -19 + 1003?
984
In base 15, what is d26cd + -2?
d26cb
In base 2, what is -11101 - -1101110101?
1101011000
In base 15, what is -c46 - b?
-c52
In base 15, what is -97a - 23c?
-bb7
In base 13, what is 6b - -12704?
12772
In base 5, what is -31 - -21013?
20432
In base 3, what is 12 - 110222022?
-110222010
In base 13, what is 3 + -77cc8?
-77cc5
In base 15, what is -6 + 21d4b?
21d45
In base 4, what is 203003 + 10?
203013
In base 9, what is -860 - 82?
-1052
In base 12, what is 683 + -9b?
5a4
In base 6, what is -20453 + -2?
-20455
In base 7, what is 3 + 53006?
53012
In base 13, what is 331a - a?
3310
In base 2, what is -1110001110001 + 10001?
-1110001100000
In base 7, what is -36 - 106350?
-106416
In base 16, what is -1 - -2bde?
2bdd
In base 11, what is 1a4 - -40?
234
In base 6, what is -10 + 534133?
534123
In base 3, what is 12120022 + -22?
12120000
In base 13, what is 2 + 7440?
7442
In base 11, what is -507311 - -2?
-50730a
In base 5, what is 10 - -13121441?
13122001
In base 6, what is -452501410 - 3?
-452501413
In base 14, what is -256 - -935?
6bd
In base 11, what is 3261 - -20?
3281
In base 9, what is 5 - 334232?
-334226
In base 7, what is 46522 - 5?
46514
In base 15, what is -1154b + 1?
-1154a
In base 3, what is 1021001 + 1211?
1022212
In base 3, what is 122121002 + 10001?
122201010
In base 6, what is 2501 - -4111?
11012
In base 9, what is -352 + -426?
-778
In base 15, what is 196 + 589?
730
In base 2, what is 1 + -1101100110010010?
-1101100110010001
In base 6, what is 4 + 12435315?
12435323
In base 2, what is 0 + -111011100000011010?
-111011100000011010
In base 15, what is 0 - -6dc84?
6dc84
In base 5, what is 4034 + 22232?
31321
In base 9, what is -3 - 726416?
-726420
In base 4, what is -31311 + 1132?
-30113
In base 3, what is -22 + -1112121?
-1112220
In base 9, what is -4 + -312713?
-312717
In base 3, what is 10 - 11102212000?
-11102211220
In base 5, what is -113444 + 0?
-113444
In base 14, what is 2 - -ca22?
ca24
In base 16, what is 2 - -15de?
15e0
In base 6, what is 1 + -41101?
-41100
In base 7, what is -5264251 + 3?
-5264245
In base 4, what is -202 + 31031?
30223
In base 8, what is -14771 + 31?
-14740
In base 5, what is 1 + -20343?
-20342
In base 6, what is -1 + -311501?
-311502
In base 12, what is 2 + 4a81?
4a83
In base 10, what is 1660 + -1?
1659
In base 2, what is -1010010100100010 - 11?
-1010010100100101
In base 14, what is 99 - 127?
-6c
In base 8, what is -1163 + -4316?
-5501
In base 13, what is -a - c797?
-c7a4
In base 4, what is 1300013 - -13?
1300032
In base 13, what is -3 - 604?
-607
In base 13, what is -2c - -ba7c?
ba50
In base 6, what is 42 + -124252?
-124210
In base 13, what is 0 - 62a?
-62a
In base 8, what is 40276 + -2?
40274
In base 8, what is -434043 - 1?
-434044
In base 13, what is -265227 + 5?
-265222
In base 2, what is -1000100111011 - -1011110?
-1000011011101
In base 10, what is -2376 + 32?
-2344
In base 12, what is -1109a4 - -1?
-1109a3
In base 10, what is -72 - 351?
-423
In base 12, what is -5 + -4493?
-4498
In base 12, what is 17317 + 2?
17319
In base 2, what is 11010010110000011110 + 0?
11010010110000011110
In base 9, what is 106431 + 5?
106436
In base 3, what is -220 - 110222?
-111212
In base 7, what is -6524 + 25?
-6466
In base 15, what is -7001 - -12?
-6ede
In base 10, what is 2023 - -18?
2041
In base 9, what is 55814 + -16?
55787
In base 6, what is 0 - -1132342?
1132342
In base 5, what is -1 + -10311140?
-10311141
In base 16, what is -4 + 1311c8?
1311c4
In base 3, what is -21200 - 2202?
-101102
In base 12, what is 91290 + 2?
91292
In base 7, what is -42424 + -2?
-42426
In base 16, what is -1 - -25f3?
25f2
In base 7, what is -3 - 4512553?
-4512556
In base 11, what is 49 + 689?
727
In base 10, what is -268699 - 2?
-268701
In base 15, what is -3 - 15a7de?
-15a7e2
In base 16, what is -cbb - -6?
-cb5
In base 9, what is -368 + 12212?
11733
In base 14, what is -c4 - 85?
-169
In base 10, what is -658966 - 1?
-658967
In base 4, what is -22222300 + 1?
-22222233
In base 15, what is 39 + 113?
14c
In base 9, what is 88 - 34?
54
In base 14, what is -b4a45 - -2?
-b4a43
In base 2, what is -1000 + -1110010101110110?
-1110010101111110
In base 4, what is 1233 - 1003302?
-1002003
In base 5, what is -23014 - 33?
-23102
In base 13, what is a46 + 43?
a89
In base 7, what is -65 + -6?
-104
In base 11, what is 40 - -270a?
274a
In base 16, what is 270 - -480?
6f0
In base 8, what is -105 - 10143?
-10250
In base 2, what is -1000 + 1000101111000100010?
1000101111000011010
In base 16, what is -3 + 986d?
986a
In base 14, what is -228d5 - 7?
-228dc
In base 15, what is d2 - 28b?
-1a9
In base 6, what is 43545 + 40?
44025
In base 11, what is -717 - -226?
-4a1
In base 4, what is -1022 - 2032?
-3120
In base 4, what is -1020212 - -3?
-1020203
In base 6, what is -4212 - 44?
-4300
In base 10, what is 5 + -217379?
-217374
In base 13, what is -270a2 - -5?
-2709a
In base 6, what is 0 + -45513?
-45513
In base 8, what is -5 - -157126?
157121
In base 8, what is -455442 + -1?
-455443
In base 3, what is 2 + -12211121201?
-12211121122
In base 2, what is 10111 - 10000010011?
-1111111100
In base 9, what is -2 + -1217162?
-1217164
In base 6, what is -1 - 3353533?
-3353534
In base 5, what is 433030 + 0?
433030
In base 12, what is -552 - 138?
-68a
In base 5, what is 1031 + -30?
1001
In base 15, what is 3bc7c + -5?
3bc77
In base 8, what is -4 - 132042?
-132046
In base 16, what is -1 - -47b9?
47b8
In base 15, what is 1cb6a + 1?
1cb6b
In base 10, what is -23713 + -4?
-23717
In base 16, what is 8 + -80ab?
-80a3
In base 4, what is 3320101213 + 2?
3320101221
In base 15, what is -a + -162ec?
-16307
In base 15, what is 8a + 6400?
648a
In base 12, what is 8 - -34501?
34509
In base 4, what is -3101212 - -3?
-3101203
In base 11, what is -1151325 + -1?
-1151326
In base 5, what is 0 + 434413?
434413
In base 5, what is 2 - -31213211?
31213213
In base 12, what is -13 + 110?
b9
In base 16, what is -87 + -26?
-ad
In base 10, what is 0 + 129588?
129588
In base 15, what is -c - -32a29?
32a1c
In base 8, what is -1014 + 764?
-30
In base 10, what is 311691 - -5?
311696
In base 10, what is 739 - -87?
826
In base 15, what is 2824 + -8?
281b
In base 6, what is 4 + -220431?
-220423
In base 13, what is -3117 - -4?
-3113
In base 9, what is -7838 + 155?
-7673
In base 14, what is 12 - 57?
-45
In base 13, what is -2 - 876?
-878
In base 6, what is -43 + -5304?
-5351
In base 8, what is -527 + -400?
-1127
In base 7, what is 436121 + 11?
436132
In base 15, what is 19d + b2c?
cca
In base 13, what is -10b8 + -373?
-145b
In base 4, what is -1133031100 + 0?
-1133031100
In base 8, what is -5437561 + 1?
-5437560
In base 5, what is 14 - -102131?
102200
In base 10, what is 839 + -63?
776
In base 15, what is 7cbe + 2b?
7cea
In base 15, what is 1cb1 - 28?
1c88
In base 5, what is -120100 - -24?
-120021
In base 9, what is -2 + 6288?
6286
In base 8, what is 176316 - 0?
176316
In base 3, w